{"id":1063,"date":"2024-11-19T19:21:00","date_gmt":"2024-11-19T18:21:00","guid":{"rendered":"http:\/\/laboiteaje.fr\/?page_id=1063"},"modified":"2026-03-13T12:23:13","modified_gmt":"2026-03-13T11:23:13","slug":"la-demarche-qualite-de-la-boite-a-je","status":"publish","type":"page","link":"https:\/\/laboiteaje.fr\/index.php\/la-demarche-qualite-de-la-boite-a-je\/","title":{"rendered":"La d\u00e9marche Qualit\u00e9 de la Bo\u00eete \u00e0 Je"},"content":{"rendered":"\n<p><\/p>\n\n\n\n<h2 class=\"wp-block-heading\"><strong>\ud83c\udf1f Un engagement certifi\u00e9 pour un accompagnement de qualit\u00e9<\/strong><\/h2>\n\n\n\n<p>\ud83d\udccd <em>La Bo\u00eete \u00e0 Je est un organisme de formation certifi\u00e9 <strong>Qualiopi<\/strong> \u2013 (<a href=\"http:\/\/laboiteaje.fr\/wp-content\/uploads\/2024\/12\/qualiopi.pdf\">voir le certificat<\/a>)<\/em>.<\/p>\n\n\n\n<p>Chaque accompagnement est con\u00e7u avec <strong>rigueur et bienveillance<\/strong>, en m\u2019appuyant sur vos retours pour affiner mes pratiques et r\u00e9pondre au mieux \u00e0 vos attentes. Votre confiance est <strong>le moteur de cette aventure humaine et professionnelle<\/strong>, et je mets tout en \u0153uvre pour offrir un accompagnement <strong>sur-mesure, respectueux et impactant<\/strong>.<\/p>\n\n\n\n<p>Qu\u2019il s\u2019agisse de <strong>consultations individuelles, d\u2019ateliers en entreprise, d\u2019animations en cr\u00e8che, d\u2019ateliers philo, de formations ou de yoga du rire<\/strong>, je veille \u00e0 conjuguer <strong>professionnalisme, cr\u00e9ativit\u00e9 et engagement<\/strong>.<\/p>\n\n\n\n<h3 class=\"wp-block-heading\"><strong>\ud83d\udee0 1. Des accompagnements sur-mesure et adapt\u00e9s \u00e0 vos besoins<\/strong><\/h3>\n\n\n\n<p>\ud83d\udcac <strong>Une premi\u00e8re \u00e9coute attentive<\/strong> : Chaque projet commence par un \u00e9change pour cerner <strong>vos besoins sp\u00e9cifiques<\/strong> et construire un accompagnement ajust\u00e9.<br>\ud83d\udccc <strong>Une r\u00e9ponse claire sous 5 jours<\/strong> : Vous recevez un <strong>devis d\u00e9taill\u00e9<\/strong> et, si besoin, une <strong>proposition calendaire<\/strong> adapt\u00e9e.<br>\ud83c\udfaf <strong>Un accompagnement flexible et \u00e9volutif<\/strong> : Chaque intervention est co-construite et peut \u00eatre ajust\u00e9e en temps r\u00e9el pour s\u2019adapter \u00e0 vos attentes.<\/p>\n\n\n\n<h3 class=\"wp-block-heading\"><strong>\ud83d\udd04 2. Une am\u00e9lioration continue gr\u00e2ce \u00e0 vos retours<\/strong><\/h3>\n\n\n\n<p>\ud83d\udccc <strong>Avant chaque intervention<\/strong> : Je recueille les attentes des participants pour <strong>adapter les contenus<\/strong>.<br>\ud83d\udccc <strong>Pendant la s\u00e9ance<\/strong> : J\u2019ajuste les m\u00e9thodes en fonction des r\u00e9actions et besoins exprim\u00e9s.<br>\ud83d\udccc <strong>Apr\u00e8s chaque prestation<\/strong> : Vos retours sont collect\u00e9s via des <strong>\u00e9valuations \u00e0 chaud et \u00e0 froid<\/strong>, me permettant d\u2019affiner en permanence mes approches.<br>\ud83d\udccc <strong>Une d\u00e9marche d\u2019am\u00e9lioration continue<\/strong> : Vos suggestions et \u00e9ventuels incidents sont pris en compte avec soin, garantissant <strong>une \u00e9volution constante de mes pratiques<\/strong>.<\/p>\n\n\n\n<hr class=\"wp-block-separator has-alpha-channel-opacity\"\/>\n\n\n\n<h2 class=\"wp-block-heading\"><strong>\ud83c\udf93 3. Formation continue &amp; expertise en \u00e9volution constante<\/strong><\/h2>\n\n\n\n<p>Je me forme en continu pour enrichir mes pratiques et proposer des interventions toujours <strong>align\u00e9es avec les avanc\u00e9es en neurosciences, psychologie et accompagnement<\/strong>.<\/p>\n\n\n\n<p>\ud83d\udccc <strong>Formations r\u00e9centes et sp\u00e9cialisations :<\/strong><br>\u2714 <strong>Burn-out &amp; accompagnement des personnes en reconstruction<\/strong><br>\u2714 <strong>Orientation scolaire &amp; Potentialis\u00ae<\/strong> \u2013 Valoriser les talents et accompagner les jeunes vers leur avenir<br>\u2714 <strong>Ma\u00efeusth\u00e9sie\u00ae<\/strong> \u2013 Approfondir l\u2019\u00e9coute des v\u00e9cus et des besoins<br>\u2714 <strong>R\u00eave du Dragon\u00ae (Niveau I &amp; II )<\/strong> \u2013 Co-construction de projets porteurs de sens<br>\u2714 <strong>Syst\u00e8me Nerveux Autonome (SNA) &amp; pratiques somatiques<\/strong> \u2013 R\u00e9gulation \u00e9motionnelle et \u00e9quilibre int\u00e9rieur.<br>\u2714 <strong>Intelligence Relationnelle\u00ae (Self-Th\u00e9rapie)<\/strong> \u2013 Approche bas\u00e9e sur la <strong>psychologie de la neurobiologie<\/strong>, int\u00e9grant les m\u00e9canismes du trauma, la dissociation et la r\u00e9gulation \u00e9motionnelle. <br>\u2714 <strong>Coaching Cr\u00e9atif (Niveau I)<\/strong> \u2013 Accompagner les personnes au travers d&rsquo;activit\u00e9s cr\u00e9atives. <br>\u2714 <strong><strong><strong>PSSM Adulte<\/strong> :  Premiers Secours en Sant\u00e9 Mentale<\/strong><\/strong> \u2013<\/p>\n\n\n\n<p>\ud83d\udccd <strong>Formations 2026 :<\/strong><br>\ud83d\udccc <strong>Intelligence Relationnelle\u00ae (Self-Th\u00e9rapie)<\/strong> \u2013 Approche bas\u00e9e sur la <strong>psychologie de la neurobiologie<\/strong>, int\u00e9grant les m\u00e9canismes du trauma, la dissociation et la r\u00e9gulation \u00e9motionnelle.<br>\ud83d\udccc <strong>Th\u00e9orie Polyvagale  <\/strong>: Comprendre et Identifier nos \u00e9tats emotionnels, apprendre \u00e0 les r\u00e9guler, apaiser stress et anxi\u00e9t\u00e9.<br>\ud83d\udccc <strong><strong><strong>Coaching Cr\u00e9atif (Niveau II)<\/strong> <\/strong> <\/strong><br>\ud83d\udccc <strong>PSSM Ado  <\/strong>: Premiers Secours en sant\u00e9 mentale &#8211; Jeunes.<\/p>\n\n\n\n<p>\ud83c\udfa4 <strong>Interventions &amp; Co-animation<\/strong><br>\ud83d\udccd <strong>La gestion de projets<\/strong> \u2013 Structurer ses projets via le R\u00eave du Dragon et l&rsquo;IA<br>\ud83d\udccd <strong>Formation sur les \u00e9motions<\/strong> \u2013 Comprendre et accompagner la gestion des \u00e9motions<\/p>\n\n\n\n<hr class=\"wp-block-separator has-alpha-channel-opacity\"\/>\n\n\n\n<h2 class=\"wp-block-heading\"><strong>\ud83d\udcda 4. Des ressources et outils adapt\u00e9s \u00e0 chaque public<\/strong><\/h2>\n\n\n\n<p>J\u2019int\u00e8gre des <strong>approches p\u00e9dagogiques innovantes<\/strong> et des outils issus des <strong>neurosciences, de la psychologie et du d\u00e9veloppement personnel<\/strong> pour ajuster mes interventions aux besoins des publics que j\u2019accompagne.<\/p>\n\n\n\n<h3 class=\"wp-block-heading\"><strong>\ud83d\udc76 En cr\u00e8che : Soutenir les professionnelles au quotidien<\/strong><\/h3>\n\n\n\n<p>\ud83d\udccc <strong>Ateliers d\u2019analyse de la pratique<\/strong> pour am\u00e9liorer la qualit\u00e9 des interactions.<br>\ud83d\udccc <strong>Communication Non Violente (CNV)<\/strong> pour favoriser un cadre bienveillant avec les enfants et les parents.<\/p>\n\n\n\n<h3 class=\"wp-block-heading\"><strong>\ud83c\udfe2 En entreprise : Favoriser bien-\u00eatre et coh\u00e9sion d\u2019\u00e9quipe<\/strong><\/h3>\n\n\n\n<p>\ud83d\udccc <strong>Ateliers sur la gestion des \u00e9motions et du stress<\/strong>.<br>\ud83d\udccc <strong>Yoga du rire<\/strong> pour am\u00e9liorer la dynamique collective et la qualit\u00e9 relationnelle. <br>\ud83d\udccc <strong>Formations autour de Process Projets innovants<\/strong><\/p>\n\n\n\n<h3 class=\"wp-block-heading\"><strong>\ud83e\uddd2 Pour les enfants &amp; adolescents : \u00c9veiller la r\u00e9flexion et la gestion \u00e9motionnelle<\/strong><\/h3>\n\n\n\n<p>\ud83d\udccc <strong>Ateliers philo<\/strong> pour stimuler l\u2019expression et la pens\u00e9e critique.<br>\ud83d\udccc <strong>Ateliers sur les \u00e9motions pour les adolescents<\/strong> \u2013 Comprendre, exprimer et r\u00e9guler ses \u00e9motions pour mieux vivre ses relations et son quotidien.<\/p>\n\n\n\n<h3 class=\"wp-block-heading\"><strong>\ud83d\udc65 En individuel : Accompagner les transitions et le mieux-\u00eatre<\/strong><\/h3>\n\n\n\n<p>\ud83d\udccc <strong>Bilans de comp\u00e9tences<\/strong> \u2013 Une attention particuli\u00e8re aux <strong>situations de burn-out et troubles neurod\u00e9veloppementaux<\/strong>.<br>\ud83d\udccc <strong>\u00c9coute th\u00e9rapeutique (Ma\u00efeusth\u00e9sie\u00ae &#8211; IR<strong>\u00ae<\/strong><\/strong> &#8211; Linda Tha\u00ef<strong>)<\/strong> \u2013 Pour favoriser <strong>la r\u00e9gulation \u00e9motionnelle et la r\u00e9conciliation int\u00e9rieure<\/strong>.<\/p>\n\n\n\n<p>\ud83c\udf93 <strong>Formations sp\u00e9cifiques :<\/strong><br>\ud83d\udccc D\u00e9veloppement du cerveau et m\u00e9moire (m\u00e9thode Potentialis\u00ae)<br>\ud83d\udccc Les \u00e9motions et leur impact dans les relations<br>\ud83d\udccc TND &amp; Potentiels <br>\ud83d\udccc Du Je au Jeu<\/p>\n\n\n\n<p><\/p>\n\n\n\n<hr class=\"wp-block-separator has-alpha-channel-opacity\"\/>\n\n\n\n<h2 class=\"wp-block-heading\"><strong>\ud83c\udf31 5. Un engagement \u00e9coresponsable et soci\u00e9tal<\/strong><\/h2>\n\n\n\n<p>\ud83d\udccd <strong>R\u00e9duire l\u2019empreinte carbone<\/strong> : Privil\u00e9gier les d\u00e9placements \u00e0 faible impact et <strong>limiter les supports papier<\/strong> en favorisant les outils num\u00e9riques.<br>\ud83d\udccd <strong>Contribuer \u00e0 des projets d\u2019\u00e9panouissement collectif<\/strong> : Animation d\u2019<strong>ateliers philo<\/strong> et du <strong>groupe de pratique CNV<\/strong> depuis 9 ans.<\/p>\n\n\n\n<hr class=\"wp-block-separator has-alpha-channel-opacity\"\/>\n\n\n\n<h2 class=\"wp-block-heading\"><strong>\ud83d\udcca 6. Mesurer l\u2019impact &amp; valoriser les r\u00e9sultats<\/strong><\/h2>\n\n\n\n<p>\ud83d\udccc <strong>Chaque intervention fait l\u2019objet d\u2019une \u00e9valuation qualitative<\/strong>, int\u00e9grant les retours des participants et commanditaires.<br>\ud83d\udccc <strong>Les r\u00e9sultats sont analys\u00e9s<\/strong> dans une d\u00e9marche d\u2019am\u00e9lioration continue pour affiner <strong>mes prestations et m\u00e9thodes p\u00e9dagogiques<\/strong>.<br>\ud83d\udccc <strong>Les t\u00e9moignages soulignent r\u00e9guli\u00e8rement des effets positifs sur<\/strong> :<br>\u2714 La qualit\u00e9 relationnelle et la dynamique d\u2019\u00e9quipe<br>\u2714 La r\u00e9gulation \u00e9motionnelle et la gestion du stress<br>\u2714 L\u2019\u00e9panouissement personnel et professionnel<\/p>\n\n\n\n<hr class=\"wp-block-separator has-alpha-channel-opacity\"\/>\n\n\n\n<h2 class=\"wp-block-heading\"><strong>\ud83d\udca1 Un cheminement humain et bienveillant<\/strong><\/h2>\n\n\n\n<p>\ud83c\udf1f Avec <strong>La Bo\u00eete \u00e0 Je<\/strong>, chaque intervention est une <strong>aventure unique<\/strong>, o\u00f9 l\u2019<strong>\u00e9coute et la cr\u00e9ativit\u00e9<\/strong> se mettent au service de vos besoins.<\/p>\n\n\n\n<p>\ud83d\udc9b <strong>Mon engagement<\/strong> : vous accompagner avec <strong>sinc\u00e9rit\u00e9, expertise et bienveillance<\/strong>, dans le respect de <strong>vos aspirations et de votre singularit\u00e9<\/strong>.<\/p>\n\n\n\n<p>\ud83d\ude4f <strong>Merci pour votre confiance et pour faire partie de cette belle aventure humaine !<\/strong><\/p>\n\n\n\n<figure class=\"wp-block-image size-large\"><img loading=\"lazy\" decoding=\"async\" width=\"1024\" height=\"726\" src=\"http:\/\/laboiteaje.fr\/wp-content\/uploads\/2021\/01\/2022-Parcours-2-edited-1024x726.jpg\" alt=\"\" class=\"wp-image-604\" srcset=\"https:\/\/laboiteaje.fr\/wp-content\/uploads\/2021\/01\/2022-Parcours-2-edited-1024x726.jpg 1024w, https:\/\/laboiteaje.fr\/wp-content\/uploads\/2021\/01\/2022-Parcours-2-edited-300x213.jpg 300w, https:\/\/laboiteaje.fr\/wp-content\/uploads\/2021\/01\/2022-Parcours-2-edited-768x545.jpg 768w, https:\/\/laboiteaje.fr\/wp-content\/uploads\/2021\/01\/2022-Parcours-2-edited.jpg 1165w\" sizes=\"auto, (max-width: 767px) 89vw, (max-width: 1000px) 54vw, (max-width: 1071px) 543px, 580px\" \/><\/figure>\n","protected":false},"excerpt":{"rendered":"<p>\ud83c\udf1f Un engagement certifi\u00e9 pour un accompagnement de qualit\u00e9 \ud83d\udccd La Bo\u00eete \u00e0 Je est un organisme de formation certifi\u00e9 Qualiopi \u2013 (voir le certificat). Chaque accompagnement est con\u00e7u avec rigueur et bienveillance, en m\u2019appuyant sur vos retours pour affiner mes pratiques et r\u00e9pondre au mieux \u00e0 vos attentes. Votre confiance est le moteur de &hellip; <\/p>\n<p class=\"link-more\"><a href=\"https:\/\/laboiteaje.fr\/index.php\/la-demarche-qualite-de-la-boite-a-je\/\" class=\"more-link\">Continuer la lecture<span class=\"screen-reader-text\"> de &laquo;&nbsp;La d\u00e9marche Qualit\u00e9 de la Bo\u00eete \u00e0 Je&nbsp;&raquo;<\/span><\/a><\/p>\n","protected":false},"author":1,"featured_media":0,"parent":0,"menu_order":0,"comment_status":"closed","ping_status":"closed","template":"","meta":{"footnotes":""},"class_list":["post-1063","page","type-page","status-publish","hentry"],"_links":{"self":[{"href":"https:\/\/laboiteaje.fr\/index.php\/wp-json\/wp\/v2\/pages\/1063","targetHints":{"allow":["GET"]}}],"collection":[{"href":"https:\/\/laboiteaje.fr\/index.php\/wp-json\/wp\/v2\/pages"}],"about":[{"href":"https:\/\/laboiteaje.fr\/index.php\/wp-json\/wp\/v2\/types\/page"}],"author":[{"embeddable":true,"href":"https:\/\/laboiteaje.fr\/index.php\/wp-json\/wp\/v2\/users\/1"}],"replies":[{"embeddable":true,"href":"https:\/\/laboiteaje.fr\/index.php\/wp-json\/wp\/v2\/comments?post=1063"}],"version-history":[{"count":12,"href":"https:\/\/laboiteaje.fr\/index.php\/wp-json\/wp\/v2\/pages\/1063\/revisions"}],"predecessor-version":[{"id":1339,"href":"https:\/\/laboiteaje.fr\/index.php\/wp-json\/wp\/v2\/pages\/1063\/revisions\/1339"}],"wp:attachment":[{"href":"https:\/\/laboiteaje.fr\/index.php\/wp-json\/wp\/v2\/media?parent=1063"}],"curies":[{"name":"wp","href":"https:\/\/api.w.org\/{rel}","templated":true}]}}

La démarche Qualité de la Boîte à Je

<p></p>



<h2 class="wp-block-heading"><strong>🌟 Un engagement certifié pour un accompagnement de qualité</strong></h2>



<p>📍 <em>La Boîte à Je est un organisme de formation certifié <strong>Qualiopi</strong> – (<a href="http://laboiteaje.fr/wp-content/uploads/2024/12/qualiopi.pdf">voir le certificat</a>)</em>.</p>



<p>Chaque accompagnement est conçu avec <strong>rigueur et bienveillance</strong>, en m’appuyant sur vos retours pour affiner mes pratiques et répondre au mieux à vos attentes. Votre confiance est <strong>le moteur de cette aventure humaine et professionnelle</strong>, et je mets tout en œuvre pour offrir un accompagnement <strong>sur-mesure, respectueux et impactant</strong>.</p>



<p>Qu’il s’agisse de <strong>consultations individuelles, d’ateliers en entreprise, d’animations en crèche, d’ateliers philo, de formations ou de yoga du rire</strong>, je veille à conjuguer <strong>professionnalisme, créativité et engagement</strong>.</p>



<h3 class="wp-block-heading"><strong>🛠 1. Des accompagnements sur-mesure et adaptés à vos besoins</strong></h3>



<p>💬 <strong>Une première écoute attentive</strong> : Chaque projet commence par un échange pour cerner <strong>vos besoins spécifiques</strong> et construire un accompagnement ajusté.<br>📌 <strong>Une réponse claire sous 5 jours</strong> : Vous recevez un <strong>devis détaillé</strong> et, si besoin, une <strong>proposition calendaire</strong> adaptée.<br>🎯 <strong>Un accompagnement flexible et évolutif</strong> : Chaque intervention est co-construite et peut être ajustée en temps réel pour s’adapter à vos attentes.</p>



<h3 class="wp-block-heading"><strong>🔄 2. Une amélioration continue grâce à vos retours</strong></h3>



<p>📌 <strong>Avant chaque intervention</strong> : Je recueille les attentes des participants pour <strong>adapter les contenus</strong>.<br>📌 <strong>Pendant la séance</strong> : J’ajuste les méthodes en fonction des réactions et besoins exprimés.<br>📌 <strong>Après chaque prestation</strong> : Vos retours sont collectés via des <strong>évaluations à chaud et à froid</strong>, me permettant d’affiner en permanence mes approches.<br>📌 <strong>Une démarche d’amélioration continue</strong> : Vos suggestions et éventuels incidents sont pris en compte avec soin, garantissant <strong>une évolution constante de mes pratiques</strong>.</p>



<hr class="wp-block-separator has-alpha-channel-opacity"/>



<h2 class="wp-block-heading"><strong>🎓 3. Formation continue &amp; expertise en évolution constante</strong></h2>



<p>Je me forme en continu pour enrichir mes pratiques et proposer des interventions toujours <strong>alignées avec les avancées en neurosciences, psychologie et accompagnement</strong>.</p>



<p>📌 <strong>Formations récentes et spécialisations :</strong><br>✔ <strong>Burn-out &amp; accompagnement des personnes en reconstruction</strong><br>✔ <strong>Orientation scolaire &amp; Potentialis®</strong> – Valoriser les talents et accompagner les jeunes vers leur avenir<br>✔ <strong>Maïeusthésie®</strong> – Approfondir l’écoute des vécus et des besoins<br>✔ <strong>Rêve du Dragon® (Niveau I &amp; II )</strong> – Co-construction de projets porteurs de sens<br>✔ <strong>Système Nerveux Autonome (SNA) &amp; pratiques somatiques</strong> – Régulation émotionnelle et équilibre intérieur.<br>✔ <strong>Intelligence Relationnelle® (Self-Thérapie)</strong> – Approche basée sur la <strong>psychologie de la neurobiologie</strong>, intégrant les mécanismes du trauma, la dissociation et la régulation émotionnelle. <br>✔ <strong>Coaching Créatif (Niveau I)</strong> – Accompagner les personnes au travers d&rsquo;activités créatives. <br>✔ <strong><strong><strong>PSSM Adulte</strong> :  Premiers Secours en Santé Mentale</strong></strong> –</p>



<p>📍 <strong>Formations 2026 :</strong><br>📌 <strong>Intelligence Relationnelle® (Self-Thérapie)</strong> – Approche basée sur la <strong>psychologie de la neurobiologie</strong>, intégrant les mécanismes du trauma, la dissociation et la régulation émotionnelle.<br>📌 <strong>Théorie Polyvagale  </strong>: Comprendre et Identifier nos états emotionnels, apprendre à les réguler, apaiser stress et anxiété.<br>📌 <strong><strong><strong>Coaching Créatif (Niveau II)</strong> </strong> </strong><br>📌 <strong>PSSM Ado  </strong>: Premiers Secours en santé mentale &#8211; Jeunes.</p>



<p>🎤 <strong>Interventions &amp; Co-animation</strong><br>📍 <strong>La gestion de projets</strong> – Structurer ses projets via le Rêve du Dragon et l&rsquo;IA<br>📍 <strong>Formation sur les émotions</strong> – Comprendre et accompagner la gestion des émotions</p>



<hr class="wp-block-separator has-alpha-channel-opacity"/>



<h2 class="wp-block-heading"><strong>📚 4. Des ressources et outils adaptés à chaque public</strong></h2>



<p>J’intègre des <strong>approches pédagogiques innovantes</strong> et des outils issus des <strong>neurosciences, de la psychologie et du développement personnel</strong> pour ajuster mes interventions aux besoins des publics que j’accompagne.</p>



<h3 class="wp-block-heading"><strong>👶 En crèche : Soutenir les professionnelles au quotidien</strong></h3>



<p>📌 <strong>Ateliers d’analyse de la pratique</strong> pour améliorer la qualité des interactions.<br>📌 <strong>Communication Non Violente (CNV)</strong> pour favoriser un cadre bienveillant avec les enfants et les parents.</p>



<h3 class="wp-block-heading"><strong>🏢 En entreprise : Favoriser bien-être et cohésion d’équipe</strong></h3>



<p>📌 <strong>Ateliers sur la gestion des émotions et du stress</strong>.<br>📌 <strong>Yoga du rire</strong> pour améliorer la dynamique collective et la qualité relationnelle. <br>📌 <strong>Formations autour de Process Projets innovants</strong></p>



<h3 class="wp-block-heading"><strong>🧒 Pour les enfants &amp; adolescents : Éveiller la réflexion et la gestion émotionnelle</strong></h3>



<p>📌 <strong>Ateliers philo</strong> pour stimuler l’expression et la pensée critique.<br>📌 <strong>Ateliers sur les émotions pour les adolescents</strong> – Comprendre, exprimer et réguler ses émotions pour mieux vivre ses relations et son quotidien.</p>



<h3 class="wp-block-heading"><strong>👥 En individuel : Accompagner les transitions et le mieux-être</strong></h3>



<p>📌 <strong>Bilans de compétences</strong> – Une attention particulière aux <strong>situations de burn-out et troubles neurodéveloppementaux</strong>.<br>📌 <strong>Écoute thérapeutique (Maïeusthésie® &#8211; IR<strong>®</strong></strong> &#8211; Linda Thaï<strong>)</strong> – Pour favoriser <strong>la régulation émotionnelle et la réconciliation intérieure</strong>.</p>



<p>🎓 <strong>Formations spécifiques :</strong><br>📌 Développement du cerveau et mémoire (méthode Potentialis®)<br>📌 Les émotions et leur impact dans les relations<br>📌 TND &amp; Potentiels <br>📌 Du Je au Jeu</p>



<p></p>



<hr class="wp-block-separator has-alpha-channel-opacity"/>



<h2 class="wp-block-heading"><strong>🌱 5. Un engagement écoresponsable et sociétal</strong></h2>



<p>📍 <strong>Réduire l’empreinte carbone</strong> : Privilégier les déplacements à faible impact et <strong>limiter les supports papier</strong> en favorisant les outils numériques.<br>📍 <strong>Contribuer à des projets d’épanouissement collectif</strong> : Animation d’<strong>ateliers philo</strong> et du <strong>groupe de pratique CNV</strong> depuis 9 ans.</p>



<hr class="wp-block-separator has-alpha-channel-opacity"/>



<h2 class="wp-block-heading"><strong>📊 6. Mesurer l’impact &amp; valoriser les résultats</strong></h2>



<p>📌 <strong>Chaque intervention fait l’objet d’une évaluation qualitative</strong>, intégrant les retours des participants et commanditaires.<br>📌 <strong>Les résultats sont analysés</strong> dans une démarche d’amélioration continue pour affiner <strong>mes prestations et méthodes pédagogiques</strong>.<br>📌 <strong>Les témoignages soulignent régulièrement des effets positifs sur</strong> :<br>✔ La qualité relationnelle et la dynamique d’équipe<br>✔ La régulation émotionnelle et la gestion du stress<br>✔ L’épanouissement personnel et professionnel</p>



<hr class="wp-block-separator has-alpha-channel-opacity"/>



<h2 class="wp-block-heading"><strong>💡 Un cheminement humain et bienveillant</strong></h2>



<p>🌟 Avec <strong>La Boîte à Je</strong>, chaque intervention est une <strong>aventure unique</strong>, où l’<strong>écoute et la créativité</strong> se mettent au service de vos besoins.</p>



<p>💛 <strong>Mon engagement</strong> : vous accompagner avec <strong>sincérité, expertise et bienveillance</strong>, dans le respect de <strong>vos aspirations et de votre singularité</strong>.</p>



<p>🙏 <strong>Merci pour votre confiance et pour faire partie de cette belle aventure humaine !</strong></p>



<figure class="wp-block-image size-large"><img loading="lazy" decoding="async" width="1024" height="726" src="http://laboiteaje.fr/wp-content/uploads/2021/01/2022-Parcours-2-edited-1024x726.jpg" alt="" class="wp-image-604" srcset="https://laboiteaje.fr/wp-content/uploads/2021/01/2022-Parcours-2-edited-1024x726.jpg 1024w, https://laboiteaje.fr/wp-content/uploads/2021/01/2022-Parcours-2-edited-300x213.jpg 300w, https://laboiteaje.fr/wp-content/uploads/2021/01/2022-Parcours-2-edited-768x545.jpg 768w, https://laboiteaje.fr/wp-content/uploads/2021/01/2022-Parcours-2-edited.jpg 1165w" sizes="auto, (max-width: 767px) 89vw, (max-width: 1000px) 54vw, (max-width: 1071px) 543px, 580px" /></figure>

<p>🌟 Un engagement certifié pour un accompagnement de qualité 📍 La Boîte à Je est un organisme de formation certifié Qualiopi – (voir le certificat). Chaque accompagnement est conçu avec rigueur et bienveillance, en m’appuyant sur vos retours pour affiner mes pratiques et répondre au mieux à vos attentes. Votre confiance est le moteur de &hellip; </p>
<p class="link-more"><a href="https://laboiteaje.fr/index.php/la-demarche-qualite-de-la-boite-a-je/" class="more-link">Continuer la lecture<span class="screen-reader-text"> de &laquo;&nbsp;La démarche Qualité de la Boîte à Je&nbsp;&raquo;</span></a></p>
