{"id":470,"date":"2019-09-30T16:16:43","date_gmt":"2019-09-30T14:16:43","guid":{"rendered":"http:\/\/laboiteaje.fr\/?page_id=470"},"modified":"2021-01-23T12:33:51","modified_gmt":"2021-01-23T11:33:51","slug":"potentialis-methode-pedagogique","status":"publish","type":"page","link":"https:\/\/laboiteaje.fr\/index.php\/potentialis-methode-pedagogique\/","title":{"rendered":"Potentialis\u00ae &#8211; M\u00e9thode P\u00e9dagogique"},"content":{"rendered":"\n<p>Les diff\u00e9rents bilans permettant d\u2019accompagner un projet d&rsquo;\u00e9tudes, une \u00e9volution professionnelle propos\u00e9s par Juliette Bertier en r\u00e9gion lyonnaise s\u2019appuient notamment sur la d\u00e9marche&nbsp;Potentialis \u00ae.<\/p>\n\n\n\n<p>La m\u00e9thode&nbsp;Potentialis\u00ae<strong>1<\/strong>, con\u00e7ue par Marie Ren\u00e9e Rollet, consiste en une s\u00e9rie d&rsquo;exercices&nbsp;accessibles courts, vari\u00e9s et pratiques, faisant appel \u00e0 la spontan\u00e9it\u00e9 et r\u00e9v\u00e9lant vos grandes dominantes de potentiels.<\/p>\n\n\n\n<div class=\"wp-block-image\"><figure class=\"aligncenter is-resized\"><img loading=\"lazy\" decoding=\"async\" src=\"http:\/\/laboiteaje.fr\/wp-content\/uploads\/2019\/09\/schema-facultes-capacites-potentiels-1024x724.jpg\" alt=\"\" class=\"wp-image-478\" width=\"512\" height=\"362\" srcset=\"https:\/\/laboiteaje.fr\/wp-content\/uploads\/2019\/09\/schema-facultes-capacites-potentiels-1024x724.jpg 1024w, https:\/\/laboiteaje.fr\/wp-content\/uploads\/2019\/09\/schema-facultes-capacites-potentiels-300x212.jpg 300w, https:\/\/laboiteaje.fr\/wp-content\/uploads\/2019\/09\/schema-facultes-capacites-potentiels-768x543.jpg 768w, https:\/\/laboiteaje.fr\/wp-content\/uploads\/2019\/09\/schema-facultes-capacites-potentiels.jpg 1169w\" sizes=\"auto, (max-width: 512px) 100vw, 512px\" \/><\/figure><\/div>\n\n\n\n<p>Reposant sur des valeurs humanistes<strong>2<\/strong>, bas\u00e9e sur des principes des sciences cognitives<strong>3<\/strong>, et utilis\u00e9e avec succ\u00e8s depuis plus de trente ans, la d\u00e9marche Potentialis\u00ae&nbsp;est innovante car elle diff\u00e8re des m\u00e9thodes classiques &#8211; tests psychotechniques, bilan de comp\u00e9tences<strong>4<\/strong>, validation d&rsquo;acquis professionnels. Mieux elle les compl\u00e8te et les \u00e9claire d&rsquo;un nouveau jour, car&nbsp; vous permet de rep\u00e9rer vos potentiels&nbsp;dominants<strong>5<\/strong> source de votre motivation, v\u00e9ritable moteur de vos projets, et facteur de plaisir et d&rsquo;efficacit\u00e9.<\/p>\n\n\n\n<p><em>Plus d&rsquo;informations sur le site de <\/em><a href=\"http:\/\/www.mm2i.fr\/\"><em>Mm2i<\/em><\/a><em>, et dans le livre de Marie Ren\u00e9e Rollet : \u00ab&nbsp;Vos potentiels Des Ressources Inexplor\u00e9es&nbsp;\u00bb.<\/em><\/p>\n\n\n\n<p><strong><code>1<\/code><\/strong><code> : D\u00e9pos\u00e9e en 1989 et valid\u00e9e par une \u00e9quipe de p\u00e9dagogues, m\u00e9decins de la sant\u00e9 de la fondation M\u00e9rieux et chercheurs du Coll\u00e8ge de France.<\/code><\/p>\n\n\n\n<p><strong><code>2 <\/code><\/strong><code>: Chaque \u00eatre est unique, il a des ressources inexplor\u00e9es et des besoins sp\u00e9cifiques ; il doit \u00eatre consid\u00e9r\u00e9 dans sa globalit\u00e9 et est capable d'\u00e9voluer.&nbsp;<\/code><\/p>\n\n\n\n<p><strong><code>3 <\/code><\/strong><code>: En particulier l'approche informationnelle socio-cognitiviste, Albert Bandura.<\/code><\/p>\n\n\n\n<p><strong><code>4<\/code><\/strong><code> : Le concept de comp\u00e9tence se rattache \u00e0 la relation entre les connaissances et l'action, la situation concr\u00e8te. Pour un grand nombre de sp\u00e9cialistes du travail, la comp\u00e9tence est au centre de trois composantes dans un contexte particulier : savoirs (somme des savoirs th\u00e9oriques et techniques ou connaissances), savoir-faire&nbsp; (ou habilet\u00e9s) et savoir-faire relationnels (ou qualit\u00e9s personnelles).<\/code><\/p>\n\n\n\n<p><strong><code>5<\/code><\/strong><code> : Nos potentiels c'est l'ensemble des ressources de tout ordre que nous poss\u00e9dons : capacit\u00e9s d'origine, aptitudes et possibilit\u00e9s actuelles, aptitudes et dons encore inexplor\u00e9s... On parlera souvent de capacit\u00e9 pour la facult\u00e9 de base ( ex : la vue mesur\u00e9e par un ophtalmologiste) et de potentiel pour une capacit\u00e9 d\u00e9velopp\u00e9e ( ex : potentiel d\u2019observation).<br><\/code><\/p>\n\n\n\n<div class=\"wp-block-image\"><figure class=\"aligncenter size-large\"><img loading=\"lazy\" decoding=\"async\" width=\"1024\" height=\"726\" src=\"http:\/\/laboiteaje.fr\/wp-content\/uploads\/2021\/01\/2022-Parcours-2-edited-1024x726.jpg\" alt=\"\" class=\"wp-image-604\" srcset=\"https:\/\/laboiteaje.fr\/wp-content\/uploads\/2021\/01\/2022-Parcours-2-edited-1024x726.jpg 1024w, https:\/\/laboiteaje.fr\/wp-content\/uploads\/2021\/01\/2022-Parcours-2-edited-300x213.jpg 300w, https:\/\/laboiteaje.fr\/wp-content\/uploads\/2021\/01\/2022-Parcours-2-edited-768x545.jpg 768w, https:\/\/laboiteaje.fr\/wp-content\/uploads\/2021\/01\/2022-Parcours-2-edited.jpg 1165w\" sizes=\"auto, (max-width: 767px) 89vw, (max-width: 1000px) 54vw, (max-width: 1071px) 543px, 580px\" \/><\/figure><\/div>\n","protected":false},"excerpt":{"rendered":"<p>Les diff\u00e9rents bilans permettant d\u2019accompagner un projet d&rsquo;\u00e9tudes, une \u00e9volution professionnelle propos\u00e9s par Juliette Bertier en r\u00e9gion lyonnaise s\u2019appuient notamment sur la d\u00e9marche&nbsp;Potentialis \u00ae. La m\u00e9thode&nbsp;Potentialis\u00ae1, con\u00e7ue par Marie Ren\u00e9e Rollet, consiste en une s\u00e9rie d&rsquo;exercices&nbsp;accessibles courts, vari\u00e9s et pratiques, faisant appel \u00e0 la spontan\u00e9it\u00e9 et r\u00e9v\u00e9lant vos grandes dominantes de potentiels. Reposant sur des &hellip; <\/p>\n<p class=\"link-more\"><a href=\"https:\/\/laboiteaje.fr\/index.php\/potentialis-methode-pedagogique\/\" class=\"more-link\">Continuer la lecture<span class=\"screen-reader-text\"> de &laquo;&nbsp;Potentialis\u00ae &#8211; M\u00e9thode P\u00e9dagogique&nbsp;&raquo;<\/span><\/a><\/p>\n","protected":false},"author":1,"featured_media":0,"parent":0,"menu_order":0,"comment_status":"closed","ping_status":"closed","template":"","meta":{"footnotes":""},"class_list":["post-470","page","type-page","status-publish","hentry"],"_links":{"self":[{"href":"https:\/\/laboiteaje.fr\/index.php\/wp-json\/wp\/v2\/pages\/470","targetHints":{"allow":["GET"]}}],"collection":[{"href":"https:\/\/laboiteaje.fr\/index.php\/wp-json\/wp\/v2\/pages"}],"about":[{"href":"https:\/\/laboiteaje.fr\/index.php\/wp-json\/wp\/v2\/types\/page"}],"author":[{"embeddable":true,"href":"https:\/\/laboiteaje.fr\/index.php\/wp-json\/wp\/v2\/users\/1"}],"replies":[{"embeddable":true,"href":"https:\/\/laboiteaje.fr\/index.php\/wp-json\/wp\/v2\/comments?post=470"}],"version-history":[{"count":6,"href":"https:\/\/laboiteaje.fr\/index.php\/wp-json\/wp\/v2\/pages\/470\/revisions"}],"predecessor-version":[{"id":611,"href":"https:\/\/laboiteaje.fr\/index.php\/wp-json\/wp\/v2\/pages\/470\/revisions\/611"}],"wp:attachment":[{"href":"https:\/\/laboiteaje.fr\/index.php\/wp-json\/wp\/v2\/media?parent=470"}],"curies":[{"name":"wp","href":"https:\/\/api.w.org\/{rel}","templated":true}]}}