{"id":7,"date":"2018-01-01T17:03:49","date_gmt":"2018-01-01T16:03:49","guid":{"rendered":"http:\/\/laboiteaje.fr\/?page_id=7"},"modified":"2026-03-30T11:20:42","modified_gmt":"2026-03-30T09:20:42","slug":"accueil","status":"publish","type":"page","link":"https:\/\/laboiteaje.fr\/","title":{"rendered":"ACCUEIL"},"content":{"rendered":"\n<figure class=\"wp-block-image size-large\"><img loading=\"lazy\" decoding=\"async\" width=\"576\" height=\"1024\" src=\"https:\/\/laboiteaje.fr\/wp-content\/uploads\/2026\/03\/Story-Instagram-Vive-le-Printemps-Minimaliste-Jaune-Blanc-Noir-576x1024.png\" alt=\"\" class=\"wp-image-1352\" srcset=\"https:\/\/laboiteaje.fr\/wp-content\/uploads\/2026\/03\/Story-Instagram-Vive-le-Printemps-Minimaliste-Jaune-Blanc-Noir-576x1024.png 576w, https:\/\/laboiteaje.fr\/wp-content\/uploads\/2026\/03\/Story-Instagram-Vive-le-Printemps-Minimaliste-Jaune-Blanc-Noir-169x300.png 169w, https:\/\/laboiteaje.fr\/wp-content\/uploads\/2026\/03\/Story-Instagram-Vive-le-Printemps-Minimaliste-Jaune-Blanc-Noir-768x1365.png 768w, https:\/\/laboiteaje.fr\/wp-content\/uploads\/2026\/03\/Story-Instagram-Vive-le-Printemps-Minimaliste-Jaune-Blanc-Noir-864x1536.png 864w, https:\/\/laboiteaje.fr\/wp-content\/uploads\/2026\/03\/Story-Instagram-Vive-le-Printemps-Minimaliste-Jaune-Blanc-Noir.png 1080w\" sizes=\"auto, (max-width: 576px) 100vw, 576px\" \/><\/figure>\n\n\n<h3 data-start=\"341\" data-end=\"380\"><em data-start=\"345\" data-end=\"380\">Accompagner. Comprendre. R\u00e9v\u00e9ler.<\/em><\/h3>\n<p data-start=\"382\" data-end=\"573\">La Bo\u00eete \u00e0 Je est un espace d\u00e9di\u00e9 \u00e0 l\u2019accompagnement des personnes en transition professionnelle, personnelle ou scolaire.<br data-start=\"504\" data-end=\"507\" \/>Un lieu o\u00f9 l\u2019on peut se poser, se comprendre, et retrouver un cap.<\/p>\n<p data-start=\"575\" data-end=\"714\">Depuis plus de dix ans, j\u2019accueille des adultes, des jeunes et des \u00e9quipes avec une approche globale, respectueuse et profond\u00e9ment humaine.<\/p>\n<h2 data-start=\"721\" data-end=\"743\"><strong data-start=\"724\" data-end=\"743\">Notre intention<\/strong><\/h2>\n<p data-start=\"745\" data-end=\"860\">Vous offrir un cadre s\u00fbr.<br data-start=\"770\" data-end=\"773\" \/>Vous aider \u00e0 mieux vous conna\u00eetre.<br data-start=\"807\" data-end=\"810\" \/>Vous accompagner vers des choix clairs et align\u00e9s.<\/p>\n<p data-start=\"862\" data-end=\"963\">Chaque parcours est unique.<br data-start=\"889\" data-end=\"892\" \/>Il m\u00e9rite une \u00e9coute fine, une analyse rigoureuse et un soutien ajust\u00e9.<\/p>\n<h2 data-start=\"970\" data-end=\"1006\"><strong data-start=\"973\" data-end=\"1006\">Nos domaines d\u2019accompagnement<\/strong><\/h2>\n<h3 data-start=\"1008\" data-end=\"1061\"><strong data-start=\"1012\" data-end=\"1059\">Bilan de comp\u00e9tences et bilan de potentiels<\/strong><\/h3>\n<p data-start=\"1062\" data-end=\"1224\">Pour \u00e9clairer votre avenir professionnel, comprendre vos forces, identifier vos leviers, et construire un projet durable.<br data-start=\"1183\" data-end=\"1186\" \/>\ud83d\udc49 <a href=\"https:\/\/laboiteaje.fr\/index.php\/domaines-dexpertise\/\" target=\"_blank\" rel=\"noopener\"><em data-start=\"1189\" data-end=\"1224\">D\u00e9couvrir le bilan de comp\u00e9tences<\/em><\/a><\/p>\n<h3 data-start=\"1226\" data-end=\"1271\"><strong data-start=\"1230\" data-end=\"1269\">\u00c9coute th\u00e9rapeutique\u00a0<\/strong><\/h3>\n<p data-start=\"1272\" data-end=\"1466\">Pour traverser les \u00e9motions, apaiser les tensions internes, donner une place \u00e0 ce qui a \u00e9t\u00e9 mis de c\u00f4t\u00e9, et retrouver votre coh\u00e9rence int\u00e9rieure.<br data-start=\"1417\" data-end=\"1420\" \/>\ud83d\udc49 <a href=\"https:\/\/laboiteaje.fr\/index.php\/ecoute-therapeutique\/\" target=\"_blank\" rel=\"noopener\"><em data-start=\"1423\" data-end=\"1466\">En savoir plus sur l\u2019\u00e9coute th\u00e9rapeutique<\/em><\/a><\/p>\n<h3 data-start=\"1468\" data-end=\"1511\"><strong data-start=\"1472\" data-end=\"1509\">Orientation scolaire et \u00e9tudiante<\/strong><\/h3>\n<p data-start=\"1512\" data-end=\"1669\">Pour aider les jeunes \u00e0 mieux se conna\u00eetre, \u00e0 faire des choix \u00e9clair\u00e9s et \u00e0 retrouver confiance dans leur trajectoire.<br data-start=\"1630\" data-end=\"1633\" \/>\ud83d\udc49 <a href=\"https:\/\/laboiteaje.fr\/index.php\/bilan-dorientation\/\" target=\"_blank\" rel=\"noopener\"><em data-start=\"1636\" data-end=\"1669\">Explorer l\u2019orientation scolaire<\/em><\/a><\/p>\n<h3 data-start=\"1671\" data-end=\"1703\"><strong data-start=\"1675\" data-end=\"1701\">Ateliers et formations<\/strong><\/h3>\n<p data-start=\"1704\" data-end=\"1884\">Pour d\u00e9velopper vos comp\u00e9tences relationnelles, \u00e9motionnelles et cr\u00e9atives, au sein de s\u00e9ances collectives ou de programmes th\u00e9matiques.<br data-start=\"1840\" data-end=\"1843\" \/>\ud83d\udc49 <a href=\"https:\/\/laboiteaje.fr\/index.php\/animation\/\" target=\"_blank\" rel=\"noopener\"><em data-start=\"1846\" data-end=\"1884\">D\u00e9couvrir les ateliers et formations<\/em><\/a><\/p>\n<h2 data-start=\"1891\" data-end=\"1922\"><strong data-start=\"1894\" data-end=\"1922\">Une approche int\u00e9grative<\/strong><\/h2>\n<p data-start=\"1924\" data-end=\"2001\">Les accompagnements propos\u00e9s s\u2019appuient sur des pratiques compl\u00e9mentaires :<\/p>\n<ul data-start=\"2002\" data-end=\"2219\">\n<li data-start=\"2002\" data-end=\"2067\">\n<p data-start=\"2004\" data-end=\"2067\">m\u00e9thodes issues des neurosciences et sciences humaines,<\/p>\n<\/li>\n<li data-start=\"2068\" data-end=\"2115\">\n<p data-start=\"2070\" data-end=\"2115\">Ma\u00efeusth\u00e9sie et Intelligence Relationnelle,<\/p>\n<\/li>\n<li data-start=\"2116\" data-end=\"2147\">\n<p data-start=\"2118\" data-end=\"2147\">Communication Non Violente,<\/p>\n<\/li>\n<li data-start=\"2148\" data-end=\"2188\">\n<p data-start=\"2150\" data-end=\"2188\">pratiques somatiques et polyvagales,<\/p>\n<\/li>\n<li data-start=\"2189\" data-end=\"2219\">\n<p data-start=\"2191\" data-end=\"2219\">secourisme en sant\u00e9 mentale.<\/p>\n<\/li>\n<\/ul>\n<p data-start=\"2221\" data-end=\"2341\">L\u2019objectif : cr\u00e9er un environnement o\u00f9 la compr\u00e9hension, la s\u00e9curit\u00e9 et la transformation personnelle peuvent coexister.<\/p>\n<h2><strong data-start=\"2351\" data-end=\"2393\">Un cadre professionnel et bienveillant<\/strong><\/h2>\n<p data-start=\"2395\" data-end=\"2645\">La Bo\u00eete \u00e0 Je est engag\u00e9e dans une d\u00e9marche de qualit\u00e9 certifi\u00e9e Qualiopi.<br data-start=\"2469\" data-end=\"2472\" \/>Je suis form\u00e9e aux approches int\u00e9gratives et \u00e0 l\u2019accompagnement des publics vari\u00e9s : personnes en reconversion, jeunes, adultes en situation d\u2019\u00e9puisement, profils atypiques.<\/p>\n<p data-start=\"2647\" data-end=\"2731\">Ma posture repose sur trois fondements :<br data-start=\"2687\" data-end=\"2690\" \/><strong data-start=\"2690\" data-end=\"2731\">neutralit\u00e9, pr\u00e9cision, bienveillance.<\/strong><\/p>\n<h2><strong data-start=\"2741\" data-end=\"2772\">Votre parcours commence ici<\/strong><\/h2>\n<p data-start=\"2774\" data-end=\"2856\">\u2728 <em data-start=\"2776\" data-end=\"2816\">Clarifier votre avenir professionnel ?<\/em><br data-start=\"2816\" data-end=\"2819\" \/>\ud83d\udc49 <a href=\"https:\/\/laboiteaje.fr\/index.php\/domaines-dexpertise\/\" target=\"_blank\" rel=\"noopener\"><strong data-start=\"2822\" data-end=\"2856\">Voir les bilans de comp\u00e9tences<\/strong><\/a><\/p>\n<p data-start=\"2858\" data-end=\"2957\">\u2728 <em data-start=\"2860\" data-end=\"2915\">Trouver un espace d\u2019\u00e9coute et de soutien \u00e9motionnel ?<\/em><br data-start=\"2915\" data-end=\"2918\" \/>\ud83d\udc49 <a href=\"https:\/\/laboiteaje.fr\/index.php\/ecoute-therapeutique\/\" target=\"_blank\" rel=\"noopener\"><strong data-start=\"2921\" data-end=\"2957\">Acc\u00e9der \u00e0 l\u2019\u00e9coute th\u00e9rapeutique<\/strong><\/a><\/p>\n<p data-start=\"2959\" data-end=\"3042\">\u2728 <em data-start=\"2961\" data-end=\"3000\">Accompagner un jeune dans ses choix ?<\/em><br data-start=\"3000\" data-end=\"3003\" \/>\ud83d\udc49 <a href=\"https:\/\/laboiteaje.fr\/index.php\/bilan-dorientation\/\" target=\"_blank\" rel=\"noopener\"><strong data-start=\"3006\" data-end=\"3042\">D\u00e9couvrir l\u2019orientation scolaire<\/strong><\/a><\/p>\n<p data-start=\"3044\" data-end=\"3121\">\u2728 <em data-start=\"3046\" data-end=\"3090\">Participer \u00e0 un atelier ou une formation ?<\/em><br data-start=\"3090\" data-end=\"3093\" \/>\ud83d\udc49 <a href=\"https:\/\/laboiteaje.fr\/index.php\/animation\/\" target=\"_blank\" rel=\"noopener\"><strong data-start=\"3096\" data-end=\"3121\">Explorer le programme<\/strong><\/a><\/p>\n<h2 data-start=\"3044\" data-end=\"3121\"><strong data-start=\"3131\" data-end=\"3160\">Accompagner, c\u2019est relier<\/strong><\/h2>\n<p data-start=\"3162\" data-end=\"3303\">Relier ce que vous vivez avec ce que vous \u00eates.<br data-start=\"3209\" data-end=\"3212\" \/>Relier vos potentiels \u00e0 vos possibles.<br data-start=\"3250\" data-end=\"3253\" \/>Relier votre histoire \u00e0 votre mouvement int\u00e9rieur.<\/p>\n<p data-start=\"3305\" data-end=\"3483\">\u00c0 La Bo\u00eete \u00e0 Je, l\u2019accompagnement se fait dans un esprit de d\u00e9licatesse, de clart\u00e9 et de respect.<br data-start=\"3402\" data-end=\"3405\" \/>Pour vous permettre d\u2019avancer, simplement, vers ce qui vous ressemble le plus.<\/p>\n<p>&nbsp;<\/p>\n<hr data-start=\"2343\" data-end=\"2346\" \/>\n\n\n<figure class=\"wp-block-image size-large is-resized\"><img loading=\"lazy\" decoding=\"async\" width=\"1024\" height=\"726\" src=\"http:\/\/laboiteaje.fr\/wp-content\/uploads\/2021\/01\/2022-Parcours-2-edited-1024x726.jpg\" alt=\"\" class=\"wp-image-604\" srcset=\"https:\/\/laboiteaje.fr\/wp-content\/uploads\/2021\/01\/2022-Parcours-2-edited-1024x726.jpg 1024w, https:\/\/laboiteaje.fr\/wp-content\/uploads\/2021\/01\/2022-Parcours-2-edited-300x213.jpg 300w, https:\/\/laboiteaje.fr\/wp-content\/uploads\/2021\/01\/2022-Parcours-2-edited-768x545.jpg 768w, https:\/\/laboiteaje.fr\/wp-content\/uploads\/2021\/01\/2022-Parcours-2-edited.jpg 1165w\" sizes=\"auto, (max-width: 767px) 89vw, (max-width: 1000px) 54vw, (max-width: 1071px) 543px, 580px\" \/><\/figure>\n","protected":false},"excerpt":{"rendered":"<p>Accompagner. Comprendre. R\u00e9v\u00e9ler. La Bo\u00eete \u00e0 Je est un espace d\u00e9di\u00e9 \u00e0 l\u2019accompagnement des personnes en transition professionnelle, personnelle ou scolaire.Un lieu o\u00f9 l\u2019on peut se poser, se comprendre, et retrouver un cap. Depuis plus de dix ans, j\u2019accueille des adultes, des jeunes et des \u00e9quipes avec une approche globale, respectueuse et profond\u00e9ment humaine. Notre &hellip; <\/p>\n<p class=\"link-more\"><a href=\"https:\/\/laboiteaje.fr\/\" class=\"more-link\">Continuer la lecture<span class=\"screen-reader-text\"> de &laquo;&nbsp;ACCUEIL&nbsp;&raquo;<\/span><\/a><\/p>\n","protected":false},"author":1,"featured_media":0,"parent":0,"menu_order":0,"comment_status":"closed","ping_status":"closed","template":"","meta":{"footnotes":""},"class_list":["post-7","page","type-page","status-publish","hentry"],"_links":{"self":[{"href":"https:\/\/laboiteaje.fr\/index.php\/wp-json\/wp\/v2\/pages\/7","targetHints":{"allow":["GET"]}}],"collection":[{"href":"https:\/\/laboiteaje.fr\/index.php\/wp-json\/wp\/v2\/pages"}],"about":[{"href":"https:\/\/laboiteaje.fr\/index.php\/wp-json\/wp\/v2\/types\/page"}],"author":[{"embeddable":true,"href":"https:\/\/laboiteaje.fr\/index.php\/wp-json\/wp\/v2\/users\/1"}],"replies":[{"embeddable":true,"href":"https:\/\/laboiteaje.fr\/index.php\/wp-json\/wp\/v2\/comments?post=7"}],"version-history":[{"count":69,"href":"https:\/\/laboiteaje.fr\/index.php\/wp-json\/wp\/v2\/pages\/7\/revisions"}],"predecessor-version":[{"id":1353,"href":"https:\/\/laboiteaje.fr\/index.php\/wp-json\/wp\/v2\/pages\/7\/revisions\/1353"}],"wp:attachment":[{"href":"https:\/\/laboiteaje.fr\/index.php\/wp-json\/wp\/v2\/media?parent=7"}],"curies":[{"name":"wp","href":"https:\/\/api.w.org\/{rel}","templated":true}]}}