{"id":793,"date":"2023-07-04T15:57:10","date_gmt":"2023-07-04T13:57:10","guid":{"rendered":"http:\/\/laboiteaje.fr\/?page_id=793"},"modified":"2025-12-23T15:03:16","modified_gmt":"2025-12-23T14:03:16","slug":"ecoute-therapeutique","status":"publish","type":"page","link":"https:\/\/laboiteaje.fr\/index.php\/ecoute-therapeutique\/","title":{"rendered":"\u00c9COUTE TH\u00c9RAPEUTIQUE"},"content":{"rendered":"\n<p><\/p>\n\n\n<figure class=\"wp-block-image size-full is-resized is-style-rounded\"><img loading=\"lazy\" decoding=\"async\" width=\"1326\" height=\"1014\" src=\"http:\/\/laboiteaje.fr\/wp-content\/uploads\/2023\/07\/ecouter-site-la-boite-a-je.png\" alt=\"\" class=\"wp-image-797\" style=\"width:663px;height:507px\" srcset=\"https:\/\/laboiteaje.fr\/wp-content\/uploads\/2023\/07\/ecouter-site-la-boite-a-je.png 1326w, https:\/\/laboiteaje.fr\/wp-content\/uploads\/2023\/07\/ecouter-site-la-boite-a-je-300x229.png 300w, https:\/\/laboiteaje.fr\/wp-content\/uploads\/2023\/07\/ecouter-site-la-boite-a-je-1024x783.png 1024w, https:\/\/laboiteaje.fr\/wp-content\/uploads\/2023\/07\/ecouter-site-la-boite-a-je-768x587.png 768w\" sizes=\"auto, (max-width: 767px) 89vw, (max-width: 1000px) 54vw, (max-width: 1071px) 543px, 580px\" \/><\/figure>\n\n\n<blockquote class=\"wp-block-quote is-layout-flow wp-block-quote-is-layout-flow\">\n<p><\/p>\n\n\n\n<p>\u201d Une d\u00e9marche th\u00e9rapeutique fonctionne plus sur un principe de rem\u00e9diation, de r\u00e9habilitation, d\u2019ouverture de conscience, que sur la suppression de quoi que ce soit.\u201d\u2013 Thierry Tournebise<\/p>\n<\/blockquote>\n\n\n\n<h2 class=\"wp-block-heading\"><strong>\ud83c\udf31 Ma pratique de psychopraticienne \u2013 Accompagner la Vie<\/strong><\/h2>\n\n\n\n<p>Je d\u00e9die une partie de mon activit\u00e9 \u00e0 <strong>accompagner la Vie<\/strong> dans ses mouvements, ses \u00e9lans et ses passages plus d\u00e9licats.<\/p>\n\n\n\n<p>\ud83c\udf3f\ud83d\udc42<strong>Une approche int\u00e9grative et sensible<\/strong>, m\u00ealant :<\/p>\n\n\n\n<p>\u2714 <strong>Psychologie de la pertinence (<\/strong>Ma\u00efeusth\u00e9sie\u00ae \u2013 Thierry Tournebise<strong>)<\/strong> : accueillir avec justesse ce qui cherche \u00e0 \u00eatre entendu.<\/p>\n\n\n\n<p>\u2714 <strong>Intelligence Relationnelle<\/strong>\u00ae (<em>Self-Th\u00e9rapie<\/em>\u00ae &#8211; Fran\u00e7ois Ledoze), une approche issue de la <strong>psychologie de la neurobiologie<\/strong>, qui explore avec finesse les m\u00e9canismes du trauma, les processus de d\u00e9r\u00e9gulation \u00e9motionnelle et la restauration d\u2019un \u00e9quilibre apais\u00e9.<\/p>\n\n\n\n<p>\u2714 <strong>Intelligence \u00e9motionnelle et d\u00e9licatesse<\/strong> : une \u00e9coute attentive pour mieux comprendre et r\u00e9guler ses \u00e9tats int\u00e9rieurs.<\/p>\n\n\n\n<p>\u2714 <strong>Neurosciences et intelligence relationnelle<\/strong> : int\u00e9grer les dimensions du trauma, de la r\u00e9gulation et de la dissociation pour retrouver une coh\u00e9rence int\u00e9rieure.<\/p>\n\n\n\n<p>Parce qu\u2019au c\u0153ur de chaque parcours, <strong>il y a une histoire qui cherche \u00e0 \u00eatre entendue, valid\u00e9e, r\u00e9gul\u00e9e<\/strong>.<\/p>\n\n\n\n<p>\ud83d\udc42\ud83c\udf00 Parce que chaque cheminement est unique, j&rsquo;enrichis continuellement ma pratique de nouvelles m\u00e9thodes th\u00e9rapeutiques. Pour vous garantir la plus grande justesse, je suis \u00e9galement supervis\u00e9e par des confr\u00e8res experts. Ce regard crois\u00e9 me permet de cultiver une \u00e9coute toujours plus fine et de vous offrir un cadre s\u00e9curisant et r\u00e9fl\u00e9chi.oursuis actuellement ma formation en <\/p>\n\n\n\n<p>#IntelligenceRelationnelle #\u00c9coute #Accompagnement #Neurosciences #Sant\u00e9Mentale #Ma\u00efeusth\u00e9sie #R\u00e9gulation\u00c9motionnelle<\/p>\n\n\n\n<p class=\"has-small-font-size\"><strong>RESSOURCES<\/strong><\/p>\n\n\n\n<p class=\"has-small-font-size\"><strong>Sites Internet<\/strong><br>\u2022 Le site de <a href=\"http:\/\/www.maieusthesie.com\" target=\"_blank\" rel=\"noreferrer noopener\">Thierry Tournebise<\/a>, + de 2500 pages <br>\u2022 Une interview de <a href=\"https:\/\/youtu.be\/ZZtLFP9ralQ?si=o0qRKiqeC-TyU57W\">Fran\u00e7ois Ledoze<\/a>\u00ae <\/p>\n\n\n\n<p class=\"has-small-font-size\"><strong>Articles<\/strong><br>\u2022 <em><a href=\"http:\/\/laboiteaje.fr\/wp-content\/uploads\/2025\/03\/Fondements-et-origine-de-lIR-1.pdf\" data-type=\"link\" data-id=\"http:\/\/laboiteaje.fr\/wp-content\/uploads\/2025\/03\/Fondements-et-origine-de-lIR-1.pdf\">Fondements et Origine de l&rsquo;Intelligence relationnelle<\/a><\/em>\u00ae<br>\u2022 <em>Ma\u00efeusth\u00e9sie, Miracles de la d\u00e9licatesse<\/em> dossier complet dans le magazine<a href=\"http:\/\/laboiteaje.fr\/wp-content\/uploads\/2024\/05\/Maieusthesie_NEXUS103.pdf\" data-type=\"link\" data-id=\"http:\/\/laboiteaje.fr\/wp-content\/uploads\/2024\/05\/Maieusthesie_NEXUS103.pdf\"> Nexus N\u00b0 103 de mars avril 2016<\/a><\/p>\n\n\n\n<p class=\"has-small-font-size\"><strong>Livres<\/strong><br>\u00ab<a rel=\"noreferrer noopener\" href=\"http:\/\/www.maieusthesie.com\/chemin_action_publication\/ouvrages.htm#L%27%C3%A9coute%20th%C3%A9rapeutique\" target=\"_blank\">L\u2019\u00e9coute th\u00e9rapeutique<\/a><em>&nbsp;\u00bb,&nbsp;<\/em>Editions ESF, r\u00e9\u00e9dit\u00e9 en 2005 puis en 2009, 2014 et 2018.<br>\u00ab&nbsp;<a rel=\"noreferrer noopener\" href=\"http:\/\/www.maieusthesie.com\/chemin_action_publication\/ouvrages.htm#Chaleureuse%20rencontre%20avec%20soi-m%C3%AAme\" target=\"_blank\">Chaleureuse rencontre avec soi-m\u00eame<\/a>&nbsp;\u00bb<em>,&nbsp;<\/em>Editions Dangles, 1996.<br>\u00ab&nbsp;<a rel=\"noreferrer noopener\" href=\"http:\/\/www.maieusthesie.com\/chemin_action_publication\/ouvrages.htm#L%27art%20d%27%C3%AAtre%20communicant\" target=\"_blank\">L\u2019art d\u2019\u00eatre communiquant<\/a><em>&nbsp;\u00bb,&nbsp;<\/em>Editions Dangles, 2008.<br>\u00ab&nbsp;<a rel=\"noreferrer noopener\" href=\"http:\/\/www.maieusthesie.com\/nouveautes\/article\/grand_livre_du_psychotherapeute_tm.htm\" target=\"_blank\">Le grand livre du psychoth\u00e9rapeute<\/a>&nbsp;\u00bb<em>,&nbsp;<\/em>Editions Eyrolles, 2011<br>\u00ab&nbsp;Au c\u0153ur de la psychoth\u00e9rapie&nbsp;\u00bb,Editions ESF, 2018.<br>\u00ab&nbsp;Se comprendre avec ou sans mots\u00bb, Editions Dangles, 1999.<\/p>\n\n\n\n<p class=\"has-small-font-size\"><strong>Vid\u00e9os<\/strong><br><a href=\"https:\/\/www.youtube.com\/watch?v=L9XJqIVsAJs&amp;feature=emb_logo\" target=\"_blank\" rel=\"noreferrer noopener\">Interview courte de Thierry Tournebise sur la Ma\u00efeusth\u00e9sie<\/a> \u2013 Dur\u00e9e 15min<br><a href=\"https:\/\/www.youtube.com\/watch?v=R4qcI1V7Ri0&amp;feature=emb_logo\" target=\"_blank\" rel=\"noreferrer noopener\">Thierry Tournebise &nbsp;\u00ab&nbsp;Psychologie de la pertinence \u2013 conf\u00e9rence et questions&nbsp;\u00bb<\/a> Partie 1\/2 \u2013 Dur\u00e9e 1h40<br><a href=\"https:\/\/www.youtube.com\/watch?v=NG715_MH7hU&amp;feature=emb_log\" target=\"_blank\" rel=\"noreferrer noopener\">Thierry Tournebise &nbsp;\u00ab&nbsp;Psychologie de la pertinence \u2013 conf\u00e9rence et questions&nbsp;\u00bb <\/a>Partie 2\/2 \u2013 Dur\u00e9e 1H15<br><a href=\"https:\/\/www.youtube.com\/watch?v=uFm9CwTvuzc\" target=\"_blank\" rel=\"noreferrer noopener\">Un accompagnement psychologique avec la Ma\u00efeusth\u00e9sie \u2013 Entretien C\u00e9cilia \/ Thierry Tournebise<\/a> \u2013 Dur\u00e9e 1h30<\/p>\n","protected":false},"excerpt":{"rendered":"<p>\u201d Une d\u00e9marche th\u00e9rapeutique fonctionne plus sur un principe de rem\u00e9diation, de r\u00e9habilitation, d\u2019ouverture de conscience, que sur la suppression de quoi que ce soit.\u201d\u2013 Thierry Tournebise \ud83c\udf31 Ma pratique de psychopraticienne \u2013 Accompagner la Vie Je d\u00e9die une partie de mon activit\u00e9 \u00e0 accompagner la Vie dans ses mouvements, ses \u00e9lans et ses passages &hellip; <\/p>\n<p class=\"link-more\"><a href=\"https:\/\/laboiteaje.fr\/index.php\/ecoute-therapeutique\/\" class=\"more-link\">Continuer la lecture<span class=\"screen-reader-text\"> de &laquo;&nbsp;\u00c9COUTE TH\u00c9RAPEUTIQUE&nbsp;&raquo;<\/span><\/a><\/p>\n","protected":false},"author":1,"featured_media":0,"parent":0,"menu_order":0,"comment_status":"closed","ping_status":"closed","template":"","meta":{"footnotes":""},"class_list":["post-793","page","type-page","status-publish","hentry"],"_links":{"self":[{"href":"https:\/\/laboiteaje.fr\/index.php\/wp-json\/wp\/v2\/pages\/793","targetHints":{"allow":["GET"]}}],"collection":[{"href":"https:\/\/laboiteaje.fr\/index.php\/wp-json\/wp\/v2\/pages"}],"about":[{"href":"https:\/\/laboiteaje.fr\/index.php\/wp-json\/wp\/v2\/types\/page"}],"author":[{"embeddable":true,"href":"https:\/\/laboiteaje.fr\/index.php\/wp-json\/wp\/v2\/users\/1"}],"replies":[{"embeddable":true,"href":"https:\/\/laboiteaje.fr\/index.php\/wp-json\/wp\/v2\/comments?post=793"}],"version-history":[{"count":10,"href":"https:\/\/laboiteaje.fr\/index.php\/wp-json\/wp\/v2\/pages\/793\/revisions"}],"predecessor-version":[{"id":1294,"href":"https:\/\/laboiteaje.fr\/index.php\/wp-json\/wp\/v2\/pages\/793\/revisions\/1294"}],"wp:attachment":[{"href":"https:\/\/laboiteaje.fr\/index.php\/wp-json\/wp\/v2\/media?parent=793"}],"curies":[{"name":"wp","href":"https:\/\/api.w.org\/{rel}","templated":true}]}}