{"id":860,"date":"2023-12-15T12:26:32","date_gmt":"2023-12-15T11:26:32","guid":{"rendered":"http:\/\/laboiteaje.fr\/?page_id=860"},"modified":"2026-03-30T11:51:09","modified_gmt":"2026-03-30T09:51:09","slug":"bilan-dorientation","status":"publish","type":"page","link":"https:\/\/laboiteaje.fr\/index.php\/bilan-dorientation\/","title":{"rendered":"BILAN D&rsquo;ORIENTATION"},"content":{"rendered":"\n<p><\/p>\n\n\n\n<p class=\"has-text-align-center has-text-color has-link-color wp-elements-6d9161ee617124a23b1b898108b24df7\" style=\"color:#d8b25f\">\u00ab\u00a0<em>Explorez votre avenir avec bienveillance et clart\u00e9 chez La Bo\u00eete \u00e0 Je !<\/em>\u00ab\u00a0<\/p>\n\n\n\n<p>Juliette Bertier @LaBo\u00eete\u00e0Je croit fermement que chaque individu m\u00e9rite un accompagnement respectueux et bienveillant lorsqu&rsquo;il s&rsquo;agit de prendre des d\u00e9cisions importantes concernant son avenir acad\u00e9mique et professionnel. Elle propose un accompagnement \u00e0 l&rsquo;orientation scolaire, en utilisant notamment le Bilan Potentialis<a href=\"http:\/\/www.mm2i-potentialis.fr\/potentialis.html\" target=\"_blank\" rel=\"noreferrer noopener\">\u00ae<\/a> et une \u00e9coute active pour vous guider dans votre parcours.<\/p>\n\n\n\n<p>Les \u00e9tudes sup\u00e9rieures offrent un horizon de possibilit\u00e9s, mais au-del\u00e0 des simples comp\u00e9tences acad\u00e9miques, votre \u00e9panouissement d\u00e9pend de la qualit\u00e9 et de l&rsquo;authenticit\u00e9 de votre projet personnel et professionnel. Chez La Bo\u00eete \u00e0 Je,  Juliette Bertier met l&rsquo;accent sur la d\u00e9couverte et la mise en lumi\u00e8re de vos aspirations profondes, de vos forces et valeurs intrins\u00e8ques. Elle croit en une approche respectueuse, o\u00f9 l&rsquo;\u00e9change bienveillant et la compr\u00e9hension de vos besoins sont au c\u0153ur de sa d\u00e9marche.<\/p>\n\n\n\n<p>Sa m\u00e9thode, fond\u00e9e sur ses diff\u00e9rentes pratiques, vous guide dans l&rsquo;exploration de vos potentiels, en mettant l&rsquo;accent sur la d\u00e9couverte de vos aspirations profondes. \u00c0 travers le Bilan d&rsquo;orientation, elle vous aidera \u00e0 d\u00e9voiler vos ressources personnelles et \u00e0 les mettre en harmonie avec vos choix acad\u00e9miques et professionnels.<\/p>\n\n\n\n<p>En  choisissant d&rsquo;\u00eatre accompagn\u00e9.e par Juliette Bertier @LaBo\u00eete\u00e0Je , vous optez pour un accompagnement respectueux, o\u00f9 l&rsquo;\u00e9coute active, l&#8217;empathie et la compr\u00e9hension sont des valeurs centrales. Elle vous aidera \u00e0 tracer un chemin qui r\u00e9sonne avec votre \u00eatre profond, vous permettant ainsi de vous \u00e9panouir pleinement dans votre parcours acad\u00e9mique et professionnel.<\/p>\n\n\n\n<p class=\"has-text-align-center has-text-color has-link-color wp-elements-ef5520db26598a1e8b56f49b0857edd2\" style=\"color:#d8b25f\">En ce printemps 2026, d\u00e9couvrez avec Juliette Bertier @LaBo\u00eete\u00e0Je<\/p>\n\n\n\n<p class=\"has-text-align-center has-text-color has-link-color wp-elements-1967a85f7bb34816b38e996e5a708f72\" style=\"color:#d8b25f\">une approche d&rsquo;orientation bienveillante et r\u00e9v\u00e9latrice, <\/p>\n\n\n\n<p class=\"has-text-align-center has-text-color has-link-color wp-elements-24c90fcbc80c7ffd476258b35f403766\" style=\"color:#d8b25f\">pour un avenir align\u00e9 avec qui vous \u00eates.<\/p>\n","protected":false},"excerpt":{"rendered":"<p>\u00ab\u00a0Explorez votre avenir avec bienveillance et clart\u00e9 chez La Bo\u00eete \u00e0 Je !\u00ab\u00a0 Juliette Bertier @LaBo\u00eete\u00e0Je croit fermement que chaque individu m\u00e9rite un accompagnement respectueux et bienveillant lorsqu&rsquo;il s&rsquo;agit de prendre des d\u00e9cisions importantes concernant son avenir acad\u00e9mique et professionnel. Elle propose un accompagnement \u00e0 l&rsquo;orientation scolaire, en utilisant notamment le Bilan Potentialis\u00ae et une &hellip; <\/p>\n<p class=\"link-more\"><a href=\"https:\/\/laboiteaje.fr\/index.php\/bilan-dorientation\/\" class=\"more-link\">Continuer la lecture<span class=\"screen-reader-text\"> de &laquo;&nbsp;BILAN D&rsquo;ORIENTATION&nbsp;&raquo;<\/span><\/a><\/p>\n","protected":false},"author":1,"featured_media":0,"parent":0,"menu_order":0,"comment_status":"closed","ping_status":"closed","template":"","meta":{"footnotes":""},"class_list":["post-860","page","type-page","status-publish","hentry"],"_links":{"self":[{"href":"https:\/\/laboiteaje.fr\/index.php\/wp-json\/wp\/v2\/pages\/860","targetHints":{"allow":["GET"]}}],"collection":[{"href":"https:\/\/laboiteaje.fr\/index.php\/wp-json\/wp\/v2\/pages"}],"about":[{"href":"https:\/\/laboiteaje.fr\/index.php\/wp-json\/wp\/v2\/types\/page"}],"author":[{"embeddable":true,"href":"https:\/\/laboiteaje.fr\/index.php\/wp-json\/wp\/v2\/users\/1"}],"replies":[{"embeddable":true,"href":"https:\/\/laboiteaje.fr\/index.php\/wp-json\/wp\/v2\/comments?post=860"}],"version-history":[{"count":12,"href":"https:\/\/laboiteaje.fr\/index.php\/wp-json\/wp\/v2\/pages\/860\/revisions"}],"predecessor-version":[{"id":1370,"href":"https:\/\/laboiteaje.fr\/index.php\/wp-json\/wp\/v2\/pages\/860\/revisions\/1370"}],"wp:attachment":[{"href":"https:\/\/laboiteaje.fr\/index.php\/wp-json\/wp\/v2\/media?parent=860"}],"curies":[{"name":"wp","href":"https:\/\/api.w.org\/{rel}","templated":true}]}}