{"id":968,"date":"2024-11-11T19:06:05","date_gmt":"2024-11-11T18:06:05","guid":{"rendered":"http:\/\/laboiteaje.fr\/?page_id=968"},"modified":"2024-11-13T18:31:01","modified_gmt":"2024-11-13T17:31:01","slug":"pourquoi","status":"publish","type":"page","link":"https:\/\/laboiteaje.fr\/index.php\/pourquoi\/","title":{"rendered":"Pourquoi ?"},"content":{"rendered":"\n<p>Pourquoi entreprendre un bilan de comp\u00e9tences ? <\/p>\n\n\n\n<p>Parce que chaque personne m\u00e9rite un parcours professionnel qui refl\u00e8te ses valeurs et met en lumi\u00e8re ses potentiels uniques. \u00c0 La Bo\u00eete \u00e0 Je, nous croyons que l\u2019orientation professionnelle est bien plus qu\u2019une simple \u00e9tape de carri\u00e8re : elle est une occasion de se reconnecter \u00e0 soi, de faire \u00e9merger des talents souvent invisibles, et d\u2019aligner sa vie professionnelle avec ce qui fait sens profond\u00e9ment.<\/p>\n\n\n\n<p>Un bilan de comp\u00e9tences ouvre des perspectives nouvelles et r\u00e9v\u00e8le des ressources personnelles parfois insoup\u00e7onn\u00e9es. Il offre un espace s\u00e9curis\u00e9 pour explorer ses exp\u00e9riences, reconna\u00eetre ses comp\u00e9tences, et imaginer des projets align\u00e9s avec ses aspirations. <\/p>\n\n\n\n<p>Ce bilan vous permet de prendre du recul, de structurer vos id\u00e9es et de b\u00e2tir un plan d\u2019action pour concr\u00e9tiser un avenir professionnel qui vous ressemble.<\/p>\n","protected":false},"excerpt":{"rendered":"<p>Pourquoi entreprendre un bilan de comp\u00e9tences ? Parce que chaque personne m\u00e9rite un parcours professionnel qui refl\u00e8te ses valeurs et met en lumi\u00e8re ses potentiels uniques. \u00c0 La Bo\u00eete \u00e0 Je, nous croyons que l\u2019orientation professionnelle est bien plus qu\u2019une simple \u00e9tape de carri\u00e8re : elle est une occasion de se reconnecter \u00e0 soi, de &hellip; <\/p>\n<p class=\"link-more\"><a href=\"https:\/\/laboiteaje.fr\/index.php\/pourquoi\/\" class=\"more-link\">Continuer la lecture<span class=\"screen-reader-text\"> de &laquo;&nbsp;Pourquoi ?&nbsp;&raquo;<\/span><\/a><\/p>\n","protected":false},"author":1,"featured_media":0,"parent":0,"menu_order":0,"comment_status":"closed","ping_status":"closed","template":"","meta":{"footnotes":""},"class_list":["post-968","page","type-page","status-publish","hentry"],"_links":{"self":[{"href":"https:\/\/laboiteaje.fr\/index.php\/wp-json\/wp\/v2\/pages\/968","targetHints":{"allow":["GET"]}}],"collection":[{"href":"https:\/\/laboiteaje.fr\/index.php\/wp-json\/wp\/v2\/pages"}],"about":[{"href":"https:\/\/laboiteaje.fr\/index.php\/wp-json\/wp\/v2\/types\/page"}],"author":[{"embeddable":true,"href":"https:\/\/laboiteaje.fr\/index.php\/wp-json\/wp\/v2\/users\/1"}],"replies":[{"embeddable":true,"href":"https:\/\/laboiteaje.fr\/index.php\/wp-json\/wp\/v2\/comments?post=968"}],"version-history":[{"count":4,"href":"https:\/\/laboiteaje.fr\/index.php\/wp-json\/wp\/v2\/pages\/968\/revisions"}],"predecessor-version":[{"id":1033,"href":"https:\/\/laboiteaje.fr\/index.php\/wp-json\/wp\/v2\/pages\/968\/revisions\/1033"}],"wp:attachment":[{"href":"https:\/\/laboiteaje.fr\/index.php\/wp-json\/wp\/v2\/media?parent=968"}],"curies":[{"name":"wp","href":"https:\/\/api.w.org\/{rel}","templated":true}]}}