{"id":982,"date":"2024-11-11T19:17:03","date_gmt":"2024-11-11T18:17:03","guid":{"rendered":"http:\/\/laboiteaje.fr\/?page_id=982"},"modified":"2025-03-13T10:37:07","modified_gmt":"2025-03-13T09:37:07","slug":"les-trois-etapes","status":"publish","type":"page","link":"https:\/\/laboiteaje.fr\/index.php\/les-trois-etapes\/","title":{"rendered":"Les Trois \u00c9tapes"},"content":{"rendered":"\n<p>Le <strong>bilan de comp\u00e9tences<\/strong> propos\u00e9 par <strong>La Bo\u00eete \u00e0 Je<\/strong> se d\u00e9roule en <strong>trois phases distinctes<\/strong>, conform\u00e9ment \u00e0 l\u2019article <strong>L.6313-1 du Code du Travail<\/strong>. Il vous permet d\u2019<strong>analyser et valoriser vos comp\u00e9tences, motivations et ressources<\/strong> pour construire un projet professionnel <strong>align\u00e9 avec vos valeurs et aspirations<\/strong>.<\/p>\n\n\n\n<p>\ud83c\udfaf <strong>Trois formats adapt\u00e9s \u00e0 votre besoin :<\/strong><\/p>\n\n\n\n<ul class=\"wp-block-list\">\n<li><strong>\ud83d\ude80 Booster <\/strong>(8h en face-\u00e0-face + 1h de travail guid\u00e9)<strong> \u2192 Un premier \u00e9clairage rapide<\/strong><\/li>\n\n\n\n<li><strong>\ud83c\udfaf Discernement <\/strong>(12h en face-\u00e0-face + 3h de travail guid\u00e9)<strong><strong> <\/strong> \u2192 Une exploration structur\u00e9e<\/strong><\/li>\n\n\n\n<li><strong>\ud83c\udf0d Panorama <\/strong>(20h en face-\u00e0-face + 4h de travail guid\u00e9<strong><strong>) <\/strong> \u2192 Une transition approfondie<\/strong><\/li>\n<\/ul>\n\n\n\n<hr class=\"wp-block-separator has-alpha-channel-opacity\"\/>\n\n\n\n<p>\ud83d\udccc <strong>Chaque format suit ces trois phases :<\/strong><\/p>\n\n\n\n<h3 class=\"wp-block-heading\"><strong>1\ufe0f\u20e3 Phase Pr\u00e9liminaire : Clarifier<\/strong><\/h3>\n\n\n\n<p>Cette premi\u00e8re phase \u00e9tablit <strong>les bases du bilan<\/strong>, en d\u00e9finissant votre situation actuelle et vos attentes.<\/p>\n\n\n\n<p>\u2705 <strong>Contenu de la phase pr\u00e9liminaire :<\/strong><\/p>\n\n\n\n<ul class=\"wp-block-list\">\n<li>Pr\u00e9sentation de la m\u00e9thodologie et des outils (Potentialis\u00ae, tests d\u2019int\u00e9r\u00eats, enqu\u00eates m\u00e9tiers\u2026).<\/li>\n\n\n\n<li>Analyse de votre parcours et de vos motivations.<\/li>\n\n\n\n<li>D\u00e9finition de vos <strong>objectifs sp\u00e9cifiques<\/strong> et validation du cadre du bilan.<\/li>\n<\/ul>\n\n\n\n<p><strong>Dur\u00e9e r\u00e9elle <\/strong>(face \u00e0 face + travail guid\u00e9)<strong> selon le format :<\/strong><\/p>\n\n\n\n<ul class=\"wp-block-list\">\n<li><strong>Booster :<\/strong> 2h <\/li>\n\n\n\n<li><strong>Discernement :<\/strong> 2h <\/li>\n\n\n\n<li><strong>Panorama :<\/strong> 4h<\/li>\n<\/ul>\n\n\n\n<h3 class=\"wp-block-heading\"><strong>2\ufe0f\u20e3 Phase d\u2019Investigation : Rep\u00e9rer<\/strong><\/h3>\n\n\n\n<p>Cette phase vous permet d\u2019<strong>explorer vos forces et les opportunit\u00e9s professionnelles<\/strong> qui vous correspondent.<\/p>\n\n\n\n<p>\u2705 <strong>Exploration interne<\/strong><\/p>\n\n\n\n<ul class=\"wp-block-list\">\n<li>Identification et analyse de vos <strong>valeurs, motivations et centres d\u2019int\u00e9r\u00eat.<\/strong><\/li>\n\n\n\n<li>Rep\u00e9rage de vos <strong>potentiels et comp\u00e9tences<\/strong> avec <strong>Potentialis\u00ae.<\/strong><\/li>\n\n\n\n<li>Approfondissement de la connaissance de soi et prise de confiance.<\/li>\n\n\n\n<li>Relecture de votre <strong>histoire professionnelle<\/strong> pour d\u00e9gager vos <strong>atouts diff\u00e9renciants.<\/strong><\/li>\n<\/ul>\n\n\n\n<p>\u2705 <strong>Exploration externe<\/strong><\/p>\n\n\n\n<ul class=\"wp-block-list\">\n<li><strong>Identification des pistes professionnelles r\u00e9alistes<\/strong>, en lien avec vos potentiels et aspirations.<\/li>\n\n\n\n<li><strong>\u00c9tude de la faisabilit\u00e9<\/strong> des m\u00e9tiers et secteurs vis\u00e9s (enqu\u00eates m\u00e9tiers, interviews, recherche documentaire).<\/li>\n\n\n\n<li>Analyse du <strong>march\u00e9 de l\u2019emploi et des formations disponibles.<\/strong><\/li>\n<\/ul>\n\n\n\n<p><strong><strong>Dur\u00e9e r\u00e9elle <\/strong><\/strong>(face \u00e0 face + travail guid\u00e9)<strong><strong> selon le format :<\/strong><\/strong><\/p>\n\n\n\n<ul class=\"wp-block-list\">\n<li><strong>Booster :<\/strong> 5h <\/li>\n\n\n\n<li><strong>Discernement :<\/strong> 10h <\/li>\n\n\n\n<li><strong>Panorama :<\/strong> 16h<\/li>\n<\/ul>\n\n\n\n<p>\ud83c\udfaf <strong>Objectif<\/strong> : Identifier <strong>1 \u00e0 3 pistes professionnelles<\/strong> \u00e0 approfondir dans la derni\u00e8re phase.<\/p>\n\n\n\n<h3 class=\"wp-block-heading\"><strong>3\ufe0f\u20e3 Phase de Conclusion : Valider<\/strong><\/h3>\n\n\n\n<p>Cette phase finale vous permet d\u2019<strong>affiner votre projet et d\u2019\u00e9tablir un plan d\u2019action concret<\/strong>.<\/p>\n\n\n\n<p>\u2705 <strong>Contenu de la phase de conclusion<\/strong><\/p>\n\n\n\n<ul class=\"wp-block-list\">\n<li><strong>Validation des pistes retenues<\/strong> en coh\u00e9rence avec votre profil.<\/li>\n\n\n\n<li>Construction d\u2019un <strong>plan d\u2019actions d\u00e9taill\u00e9<\/strong>, avec \u00e9tapes et objectifs clairs.<\/li>\n\n\n\n<li><strong>Remise d\u2019une synth\u00e8se confidentielle<\/strong>, co-\u00e9crite et personnalis\u00e9e.<\/li>\n\n\n\n<li><strong>Strat\u00e9gies de mise en \u0153uvre<\/strong> : formation, recherche d\u2019emploi, transition entrepreneuriale\u2026<\/li>\n\n\n\n<li>Conseils pour renforcer votre <strong>autonomie et prise de d\u00e9cision.<\/strong><\/li>\n<\/ul>\n\n\n\n<p><strong><strong>Dur\u00e9e r\u00e9elle <\/strong><\/strong>(face \u00e0 face + travail guid\u00e9)<strong><strong> selon le format :<\/strong><\/strong><\/p>\n\n\n\n<ul class=\"wp-block-list\">\n<li><strong>Booster :<\/strong> 2h <\/li>\n\n\n\n<li><strong>Discernement :<\/strong> 3h <\/li>\n\n\n\n<li><strong>Panorama :<\/strong> 4h<\/li>\n<\/ul>\n\n\n\n<p>\ud83d\udccc <strong>Un suivi \u00e0 3 ou 6 mois est inclus<\/strong>, avec un entretien post-bilan pour faire le point sur votre \u00e9volution et ajuster votre strat\u00e9gie si n\u00e9cessaire.<\/p>\n\n\n\n<hr class=\"wp-block-separator has-alpha-channel-opacity\"\/>\n\n\n\n<p>Ces formats sont con\u00e7us pour vous orienter \u00e0 partir de votre motivation intrins\u00e8que, en coh\u00e9rence avec vos potentiels, vos valeurs et vos besoins. La m\u00e9thode Potentialis\u00ae, int\u00e9gr\u00e9e \u00e0 l\u2019ensemble de l\u2019accompagnement, permet de traduire vos potentiels en secteurs et fonctions cibles, pour que votre projet professionnel vous ressemble et s\u2019ancre dans une r\u00e9alit\u00e9 r\u00e9alisable.<\/p>\n\n\n\n<hr class=\"wp-block-separator has-alpha-channel-opacity\"\/>\n\n\n\n<h3 class=\"wp-block-heading\"><strong>\ud83d\udce9 Contact &amp; Inscriptions<\/strong><\/h3>\n\n\n\n<p>\ud83d\udcc5 <strong>D\u00e9lais d\u2019acc\u00e8s :<\/strong> 2 \u00e0 4 semaines selon disponibilit\u00e9s<br>\ud83c\udfaf <strong>Modalit\u00e9s :<\/strong> En pr\u00e9sentiel ou distanciel<br>\ud83d\udcbb <strong>Infos et prise de RDV :<\/strong> <a href=\"https:\/\/laboiteaje.fr\">www.laboiteaje.fr<\/a><br>\ud83d\udce9 <strong><a>juliette@laboiteaje.fr<\/a><\/strong> | \ud83d\udcde 06 66 53 28 87<\/p>\n\n\n\n<figure class=\"wp-block-image size-large\"><img loading=\"lazy\" decoding=\"async\" width=\"1024\" height=\"726\" src=\"http:\/\/laboiteaje.fr\/wp-content\/uploads\/2021\/01\/2022-Parcours-2-edited-1024x726.jpg\" alt=\"\" class=\"wp-image-604\" srcset=\"https:\/\/laboiteaje.fr\/wp-content\/uploads\/2021\/01\/2022-Parcours-2-edited-1024x726.jpg 1024w, https:\/\/laboiteaje.fr\/wp-content\/uploads\/2021\/01\/2022-Parcours-2-edited-300x213.jpg 300w, https:\/\/laboiteaje.fr\/wp-content\/uploads\/2021\/01\/2022-Parcours-2-edited-768x545.jpg 768w, https:\/\/laboiteaje.fr\/wp-content\/uploads\/2021\/01\/2022-Parcours-2-edited.jpg 1165w\" sizes=\"auto, (max-width: 767px) 89vw, (max-width: 1000px) 54vw, (max-width: 1071px) 543px, 580px\" \/><\/figure>\n","protected":false},"excerpt":{"rendered":"<p>Le bilan de comp\u00e9tences propos\u00e9 par La Bo\u00eete \u00e0 Je se d\u00e9roule en trois phases distinctes, conform\u00e9ment \u00e0 l\u2019article L.6313-1 du Code du Travail. Il vous permet d\u2019analyser et valoriser vos comp\u00e9tences, motivations et ressources pour construire un projet professionnel align\u00e9 avec vos valeurs et aspirations. \ud83c\udfaf Trois formats adapt\u00e9s \u00e0 votre besoin : \ud83d\udccc &hellip; <\/p>\n<p class=\"link-more\"><a href=\"https:\/\/laboiteaje.fr\/index.php\/les-trois-etapes\/\" class=\"more-link\">Continuer la lecture<span class=\"screen-reader-text\"> de &laquo;&nbsp;Les Trois \u00c9tapes&nbsp;&raquo;<\/span><\/a><\/p>\n","protected":false},"author":1,"featured_media":0,"parent":0,"menu_order":0,"comment_status":"closed","ping_status":"closed","template":"","meta":{"footnotes":""},"class_list":["post-982","page","type-page","status-publish","hentry"],"_links":{"self":[{"href":"https:\/\/laboiteaje.fr\/index.php\/wp-json\/wp\/v2\/pages\/982","targetHints":{"allow":["GET"]}}],"collection":[{"href":"https:\/\/laboiteaje.fr\/index.php\/wp-json\/wp\/v2\/pages"}],"about":[{"href":"https:\/\/laboiteaje.fr\/index.php\/wp-json\/wp\/v2\/types\/page"}],"author":[{"embeddable":true,"href":"https:\/\/laboiteaje.fr\/index.php\/wp-json\/wp\/v2\/users\/1"}],"replies":[{"embeddable":true,"href":"https:\/\/laboiteaje.fr\/index.php\/wp-json\/wp\/v2\/comments?post=982"}],"version-history":[{"count":5,"href":"https:\/\/laboiteaje.fr\/index.php\/wp-json\/wp\/v2\/pages\/982\/revisions"}],"predecessor-version":[{"id":1177,"href":"https:\/\/laboiteaje.fr\/index.php\/wp-json\/wp\/v2\/pages\/982\/revisions\/1177"}],"wp:attachment":[{"href":"https:\/\/laboiteaje.fr\/index.php\/wp-json\/wp\/v2\/media?parent=982"}],"curies":[{"name":"wp","href":"https:\/\/api.w.org\/{rel}","templated":true}]}}